{"id":955,"date":"2025-07-28T11:07:20","date_gmt":"2025-07-28T11:07:20","guid":{"rendered":"https:\/\/perspektywa3p.us.edu.pl\/?page_id=955"},"modified":"2026-02-02T11:34:48","modified_gmt":"2026-02-02T11:34:48","slug":"slaskie-spotkania-webinary-biezace-informacje","status":"publish","type":"page","link":"https:\/\/perspektywa3p.us.edu.pl\/index.php\/slaskie-spotkania-webinary-biezace-informacje\/","title":{"rendered":"\u015al\u0105skie \u2013 spotkania\/webinary\/bie\u017c\u0105ce informacje"},"content":{"rendered":"\n<h2 class=\"wp-block-heading\">Wyniki oceny merytorycznej wniosk\u00f3w<\/h2>\n\n\n\n<p class=\"has-text-align-center\"><strong><em>PRZYPOMINAMY, \u017ce zgodnie z \u2018Procedur\u0105 konkursu grantowego\u2019 \u00a79. Pkt 6<\/em><\/strong><br><strong><em>Wszyscy Wnioskodawcy, kt\u00f3rzy zg\u0142osili si\u0119 do konkursu grantowego,<\/em><\/strong><br><strong><em>a nie otrzymali grantu zostaj\u0105 automatycznie zakwalifikowani do dzia\u0142a\u0144 szkoleniowych.<\/em><\/strong><\/p>\n\n\n\n<figure class=\"wp-block-table is-style-stripes\"><table><thead><tr><th>Nr wniosku<\/th><th class=\"has-text-align-center\" data-align=\"center\">Wynik oceny merytorycznej\/Ocena \u015brednia<\/th><th class=\"has-text-align-right\" data-align=\"right\">Kwota przyznana<\/th><th>Informacje dodatkowe<\/th><\/tr><\/thead><tbody><tr><td>20251023\/1347\/0033<\/td><td class=\"has-text-align-center\" data-align=\"center\">113,5<\/td><td class=\"has-text-align-right\" data-align=\"right\">&nbsp;149&nbsp;993,00&nbsp;z\u0142&nbsp;<\/td><td><\/td><\/tr><tr><td>20251023\/1931\/0064<\/td><td class=\"has-text-align-center\" data-align=\"center\">113<\/td><td class=\"has-text-align-right\" data-align=\"right\">&nbsp;149&nbsp;999,00&nbsp;z\u0142&nbsp;<\/td><td><\/td><\/tr><tr><td>20251114\/1041\/0733<\/td><td class=\"has-text-align-center\" data-align=\"center\">113<\/td><td class=\"has-text-align-right\" data-align=\"right\">&nbsp;141&nbsp;556,50&nbsp;z\u0142&nbsp;<\/td><td><\/td><\/tr><tr><td>20251113\/1225\/0671<\/td><td class=\"has-text-align-center\" data-align=\"center\">112,5<\/td><td class=\"has-text-align-right\" data-align=\"right\">&nbsp;150&nbsp;000,00&nbsp;z\u0142&nbsp;<\/td><td><\/td><\/tr><tr><td>20251023\/1838\/0061<\/td><td class=\"has-text-align-center\" data-align=\"center\">112<\/td><td class=\"has-text-align-right\" data-align=\"right\">&nbsp;120&nbsp;000,00&nbsp;z\u0142&nbsp;<\/td><td><\/td><\/tr><tr><td>20251106\/0910\/0496<\/td><td class=\"has-text-align-center\" data-align=\"center\">112<\/td><td class=\"has-text-align-right\" data-align=\"right\">&nbsp;120&nbsp;000,00&nbsp;z\u0142&nbsp;<\/td><td><\/td><\/tr><tr><td>20251024\/0840\/0138<\/td><td class=\"has-text-align-center\" data-align=\"center\">111,5<\/td><td class=\"has-text-align-right\" data-align=\"right\">&nbsp;120&nbsp;000,00&nbsp;z\u0142&nbsp;<\/td><td><\/td><\/tr><tr><td>20251106\/0840\/0490<\/td><td class=\"has-text-align-center\" data-align=\"center\">111,5<\/td><td class=\"has-text-align-right\" data-align=\"right\">&nbsp;120&nbsp;000,00&nbsp;z\u0142&nbsp;<\/td><td><\/td><\/tr><tr><td>20251023\/1239\/0012<\/td><td class=\"has-text-align-center\" data-align=\"center\">111<\/td><td class=\"has-text-align-right\" data-align=\"right\">&nbsp;120&nbsp;000,00&nbsp;z\u0142&nbsp;<\/td><td><\/td><\/tr><tr><td>20251024\/0916\/0152<\/td><td class=\"has-text-align-center\" data-align=\"center\">111<\/td><td class=\"has-text-align-right\" data-align=\"right\">&nbsp;120&nbsp;000,00&nbsp;z\u0142&nbsp;<\/td><td><\/td><\/tr><tr><td>20251103\/2027\/0411<\/td><td class=\"has-text-align-center\" data-align=\"center\">111<\/td><td class=\"has-text-align-right\" data-align=\"right\">&nbsp;120&nbsp;000,00&nbsp;z\u0142&nbsp;<\/td><td><\/td><\/tr><tr><td>20251029\/1427\/0280<\/td><td class=\"has-text-align-center\" data-align=\"center\">110<\/td><td class=\"has-text-align-right\" data-align=\"right\">&nbsp;88&nbsp;000,00&nbsp;z\u0142&nbsp;<\/td><td><\/td><\/tr><tr><td>20251029\/1036\/0273<\/td><td class=\"has-text-align-center\" data-align=\"center\">109<\/td><td class=\"has-text-align-right\" data-align=\"right\">&nbsp;120&nbsp;000,00&nbsp;z\u0142&nbsp;<\/td><td><\/td><\/tr><tr><td>20251110\/2011\/0579<\/td><td class=\"has-text-align-center\" data-align=\"center\">108<\/td><td class=\"has-text-align-right\" data-align=\"right\">&nbsp;118&nbsp;450,00&nbsp;z\u0142&nbsp;<\/td><td><\/td><\/tr><tr><td>20251024\/0556\/0073<\/td><td class=\"has-text-align-center\" data-align=\"center\">107,5<\/td><td class=\"has-text-align-right\" data-align=\"right\">&nbsp;118&nbsp;450,00&nbsp;z\u0142&nbsp;<\/td><td><\/td><\/tr><tr><td>20251027\/1501\/0227<\/td><td class=\"has-text-align-center\" data-align=\"center\">107,5<\/td><td class=\"has-text-align-right\" data-align=\"right\">&nbsp;118&nbsp;450,00&nbsp;z\u0142&nbsp;<\/td><td><\/td><\/tr><tr><td>20251027\/0722\/0199<\/td><td class=\"has-text-align-center\" data-align=\"center\">107<\/td><td class=\"has-text-align-right\" data-align=\"right\">&nbsp;118&nbsp;450,00&nbsp;z\u0142&nbsp;<\/td><td><\/td><\/tr><tr><td>20251024\/0834\/0133<\/td><td class=\"has-text-align-center\" data-align=\"center\">106,5<\/td><td class=\"has-text-align-right\" data-align=\"right\">&nbsp;118&nbsp;450,00&nbsp;z\u0142&nbsp;<\/td><td><\/td><\/tr><tr><td>20251024\/1152\/0177<\/td><td class=\"has-text-align-center\" data-align=\"center\">106,5<\/td><td class=\"has-text-align-right\" data-align=\"right\">&nbsp;118&nbsp;450,00&nbsp;z\u0142&nbsp;<\/td><td><\/td><\/tr><tr><td>20251106\/1316\/0516<\/td><td class=\"has-text-align-center\" data-align=\"center\">106,5<\/td><td class=\"has-text-align-right\" data-align=\"right\">&nbsp;118&nbsp;450,00&nbsp;z\u0142&nbsp;<\/td><td><\/td><\/tr><tr><td>20251031\/0933\/0350<\/td><td class=\"has-text-align-center\" data-align=\"center\">106<\/td><td class=\"has-text-align-right\" data-align=\"right\">&nbsp;118&nbsp;450,00&nbsp;z\u0142&nbsp;<\/td><td><\/td><\/tr><tr><td>20251106\/0906\/0494<\/td><td class=\"has-text-align-center\" data-align=\"center\">106<\/td><td class=\"has-text-align-right\" data-align=\"right\">&nbsp;118&nbsp;450,00&nbsp;z\u0142&nbsp;<\/td><td><\/td><\/tr><tr><td>20251110\/1647\/0574<\/td><td class=\"has-text-align-center\" data-align=\"center\">106<\/td><td class=\"has-text-align-right\" data-align=\"right\">&nbsp;118&nbsp;450,00&nbsp;z\u0142&nbsp;<\/td><td><\/td><\/tr><tr><td>20251027\/0724\/0201<\/td><td class=\"has-text-align-center\" data-align=\"center\">105,5<\/td><td class=\"has-text-align-right\" data-align=\"right\">&nbsp;118&nbsp;450,00&nbsp;z\u0142&nbsp;<\/td><td><\/td><\/tr><tr><td>20251027\/0806\/0206<\/td><td class=\"has-text-align-center\" data-align=\"center\">105,5<\/td><td class=\"has-text-align-right\" data-align=\"right\">&nbsp;118&nbsp;450,00&nbsp;z\u0142&nbsp;<\/td><td><\/td><\/tr><tr><td>20251031\/0933\/0349<\/td><td class=\"has-text-align-center\" data-align=\"center\">105,5<\/td><td class=\"has-text-align-right\" data-align=\"right\">&nbsp;118&nbsp;450,00&nbsp;z\u0142&nbsp;<\/td><td><\/td><\/tr><tr><td>20251117\/0923\/0785<\/td><td class=\"has-text-align-center\" data-align=\"center\">105,5<\/td><td class=\"has-text-align-right\" data-align=\"right\">&nbsp;118&nbsp;450,00&nbsp;z\u0142&nbsp;<\/td><td><\/td><\/tr><tr><td>20251109\/1311\/0552<\/td><td class=\"has-text-align-center\" data-align=\"center\">105<\/td><td class=\"has-text-align-right\" data-align=\"right\">&nbsp;118&nbsp;450,00&nbsp;z\u0142&nbsp;<\/td><td><\/td><\/tr><tr><td>20251024\/0757\/0117<\/td><td class=\"has-text-align-center\" data-align=\"center\">104,5<\/td><td class=\"has-text-align-right\" data-align=\"right\">&nbsp;118&nbsp;450,00&nbsp;z\u0142&nbsp;<\/td><td><\/td><\/tr><tr><td>20251028\/0718\/0232<\/td><td class=\"has-text-align-center\" data-align=\"center\">104,5<\/td><td class=\"has-text-align-right\" data-align=\"right\">&nbsp;118&nbsp;450,00&nbsp;z\u0142&nbsp;<\/td><td><\/td><\/tr><tr><td>20251023\/1548\/0048<\/td><td class=\"has-text-align-center\" data-align=\"center\">100,5<\/td><td class=\"has-text-align-right\" data-align=\"right\">&nbsp;115&nbsp;500,00&nbsp;z\u0142&nbsp;<\/td><td><\/td><\/tr><tr><td>20251024\/0840\/0139<\/td><td class=\"has-text-align-center\" data-align=\"center\">100,5<\/td><td class=\"has-text-align-right\" data-align=\"right\">&nbsp;118&nbsp;450,00&nbsp;z\u0142&nbsp;<\/td><td><\/td><\/tr><tr><td>20251024\/1135\/0175<\/td><td class=\"has-text-align-center\" data-align=\"center\">99<\/td><td class=\"has-text-align-right\" data-align=\"right\">&nbsp;118&nbsp;450,00&nbsp;z\u0142&nbsp;<\/td><td><\/td><\/tr><tr><td>20251023\/1519\/0042<\/td><td class=\"has-text-align-center\" data-align=\"center\">98,5<\/td><td class=\"has-text-align-right\" data-align=\"right\">&nbsp;118&nbsp;450,00&nbsp;z\u0142&nbsp;<\/td><td><\/td><\/tr><tr><td>20251027\/1145\/0219<\/td><td class=\"has-text-align-center\" data-align=\"center\">98<\/td><td class=\"has-text-align-right\" data-align=\"right\">&nbsp;118&nbsp;450,00&nbsp;z\u0142&nbsp;<\/td><td><\/td><\/tr><tr><td>20251024\/0657\/0096<\/td><td class=\"has-text-align-center\" data-align=\"center\">97,5<\/td><td class=\"has-text-align-right\" data-align=\"right\">&nbsp;118&nbsp;450,00&nbsp;z\u0142&nbsp;<\/td><td><\/td><\/tr><tr><td>20251024\/1107\/0173<\/td><td class=\"has-text-align-center\" data-align=\"center\">97<\/td><td class=\"has-text-align-right\" data-align=\"right\">&nbsp;118&nbsp;450,00&nbsp;z\u0142&nbsp;<\/td><td><\/td><\/tr><tr><td>20251027\/0724\/0200<\/td><td class=\"has-text-align-center\" data-align=\"center\">94<\/td><td class=\"has-text-align-right\" data-align=\"right\">&nbsp;103&nbsp;043,97&nbsp;z\u0142&nbsp;<\/td><td><\/td><\/tr><tr><td>20251028\/1728\/0263<\/td><td class=\"has-text-align-center\" data-align=\"center\">90<\/td><td class=\"has-text-align-right\" data-align=\"right\">&nbsp;118&nbsp;450,00&nbsp;z\u0142&nbsp;<\/td><td><\/td><\/tr><tr><td>20251023\/2106\/0068<\/td><td class=\"has-text-align-center\" data-align=\"center\">88<\/td><td class=\"has-text-align-right\" data-align=\"right\">&nbsp;118&nbsp;450,00&nbsp;z\u0142&nbsp;<\/td><td><\/td><\/tr><tr><td>20251026\/1512\/0190<\/td><td class=\"has-text-align-center\" data-align=\"center\">79,5<\/td><td class=\"has-text-align-right\" data-align=\"right\">&nbsp;116&nbsp;657,53&nbsp;z\u0142&nbsp;<\/td><td><\/td><\/tr><tr><td>20251114\/1921\/0759<\/td><td class=\"has-text-align-center\" data-align=\"center\">0<\/td><td class=\"has-text-align-right\" data-align=\"right\">&nbsp;&#8211;&nbsp;z\u0142&nbsp;<\/td><td>lista rezerwowa<\/td><\/tr><tr><td>20251027\/0835\/0208<\/td><td class=\"has-text-align-center\" data-align=\"center\">0<\/td><td class=\"has-text-align-right\" data-align=\"right\">&nbsp;&#8211;&nbsp;z\u0142&nbsp;<\/td><td>lista rezerwowa<\/td><\/tr><\/tbody><\/table><\/figure>\n\n\n\n<p>Jednocze\u015bnie informujemy, \u017ce zr\u00f3\u017cnicowanie wysoko\u015bci przyznanych \u015brodk\u00f3w pomi\u0119dzy wojew\u00f3dztwami wynika z przyj\u0119tych procedur konkursowych i kwot alokacji przekazanych przez IP. W cz\u0119\u015bci wojew\u00f3dztw, ze wzgl\u0119du na niewype\u0142nienie wska\u017anika projektu, realizowana jest II tura konkursu grantowego (do 31.01.2026 r.), co umo\u017cliwia dalsze rozdysponowanie \u015brodk\u00f3w. Natomiast w wojew\u00f3dztwach, w kt\u00f3rych wska\u017anik zosta\u0142 ju\u017c osi\u0105gni\u0119ty kwota alokacji przekazana przez IP zosta\u0142a zgodnie z procedur\u0105 podzielona na wnioskuj\u0105ce PPP.<\/p>\n\n\n\n<h2 class=\"wp-block-heading\">Spotkania\/webinary<\/h2>\n\n\n\n<h3 class=\"wp-block-heading\">12.11.2025 r.<\/h3>\n\n\n\n<p><strong>Zapraszamy na webinar dotycz\u0105cy aplikowania o grant<\/strong> w Projekcie &#8222;Perspektywa 3P&#8221;, dla przedstawicieli JST oraz PPP, kt\u00f3ry odb\u0119dzie si\u0119 w \u015brod\u0119 <strong>12 listopada 2025r.<\/strong><\/p>\n\n\n\n<p><em>Do\u0142\u0105cz do spotkania 12.11.2025 (9:00 \u2013 9:45<\/em>)<em>:&nbsp;<\/em>\u2192&nbsp;<em>link niedost\u0119pny &#8211; spotkanie zako\u0144czone&nbsp;<\/em>\u2190<\/p>\n\n\n\n<h3 class=\"wp-block-heading\">30.10.2025 r.<\/h3>\n\n\n\n<p><strong>Zapraszamy na webinar dotycz\u0105cy aplikacji GrantU\u015a<\/strong>, skierowany do Przedstawicieli\/ek organ\u00f3w prowadz\u0105cych publiczne poradnie pedagogiczno-psychologiczne oraz Przedstawicieli\/ek publicznych poradni pedagogiczno-psychologicznych i specjalistycznych, kt\u00f3ry odb\u0119dzie si\u0119 w czwartek, <strong>30 pa\u017adziernika 2025 r.<\/strong><\/p>\n\n\n\n<p><em>Do\u0142\u0105cz do spotkania 30.10.2025 (09:00 \u2013 09:45<\/em>)<em>:&nbsp;<\/em>\u2192&nbsp;<em>link niedost\u0119pny &#8211; spotkanie zako\u0144czone&nbsp;<\/em>\u2190<\/p>\n\n\n\n<h3 class=\"wp-block-heading\">20.10.2025 r.<\/h3>\n\n\n\n<p>\u015al\u0105ski Kurator O\u015bwiaty Aleksandra Dyla oraz prof. Krzysztof Rubacha zapraszaj\u0105 <strong>20.10.2025 r.<\/strong> na konferencj\u0119 z dyrektorami publicznych poradni psychologiczno-pedagogicznych, w trakcie kt\u00f3rej zostan\u0105 om\u00f3wione za\u0142o\u017cenia projektu \u201ePerspektywa 3P\u201d.<\/p>\n\n\n\n<p>Spotkanie odb\u0119dzie si\u0119 w Regionalnym O\u015brodku Doskonalenia Nauczycieli \u201eWOM\u201d w Katowicach przy ulicy ks. kard. Stefana Wyszy\u0144skiego 7, rozpocznie si\u0119<strong> o godzinie 10:00<\/strong> i potrwa oko\u0142o dw\u00f3ch godzin.<\/p>\n\n\n\n<p>Wyk\u0142ad wprowadzaj\u0105cy wyg\u0142osi prof. Krzysztof Rubacha, a cz\u0119\u015b\u0107 merytoryczn\u0105 konferencji poprowadz\u0105:<\/p>\n\n\n\n<ul class=\"wp-block-list\">\n<li>prof. dr hab. Zenon Gajdzica<\/li>\n\n\n\n<li>dr hab. Edyta Widawska, prof. U\u015a<\/li>\n\n\n\n<li>dr Magdalena Be\u0142za-Gajdzica<\/li>\n<\/ul>\n\n\n\n<h3 class=\"wp-block-heading\">6.10.2025 r.<\/h3>\n\n\n\n<p><strong>Zapraszamy na webinar<\/strong> dotycz\u0105cy om\u00f3wienia zasad grantowych dla Przedstawicieli organ\u00f3w prowadz\u0105cych publiczne poradnie pedagogiczno-psychologiczne oraz przedstawicieli publicznych poradni pedagogiczno-psychologicznych i specjalistycznych, kt\u00f3ry odb\u0119dzie si\u0119 w <strong>poniedzia\u0142ek 06 pa\u017adziernika 2025<\/strong>. Godzina zostanie podana w przes\u0142anym Pa\u0144stwu mailu.<\/p>\n\n\n\n<p><em>Do\u0142\u0105cz do spotkania 6.10.2025:&nbsp;<\/em>\u2192&nbsp;<em>link niedost\u0119pny \u2013 spotkanie zako\u0144czone&nbsp;<\/em>\u2190<\/p>\n\n\n\n<div data-wp-interactive=\"core\/file\" class=\"wp-block-file\"><object data-wp-bind--hidden=\"!state.hasPdfPreview\" hidden class=\"wp-block-file__embed\" data=\"https:\/\/perspektywa3p.us.edu.pl\/wp-content\/uploads\/2025\/11\/Slaskie_webinar_06.10.2025_tekst-alt.pdf\" type=\"application\/pdf\" style=\"width:100%;height:600px\" aria-label=\"Osadzone z Prezentacja z webinaru z dnia 06.10.2025.\"><\/object><a id=\"wp-block-file--media-7352b80d-6cd1-42fa-8b12-ac67405c32df\" href=\"https:\/\/perspektywa3p.us.edu.pl\/wp-content\/uploads\/2025\/11\/Slaskie_webinar_06.10.2025_tekst-alt.pdf\">Prezentacja z webinaru z dnia 06.10.2025<\/a><a href=\"https:\/\/perspektywa3p.us.edu.pl\/wp-content\/uploads\/2025\/11\/Slaskie_webinar_06.10.2025_tekst-alt.pdf\" class=\"wp-block-file__button wp-element-button\" download aria-describedby=\"wp-block-file--media-7352b80d-6cd1-42fa-8b12-ac67405c32df\">Pobierz<\/a><\/div>\n\n\n\n<h3 class=\"wp-block-heading\">28.05.2025 r.<\/h3>\n\n\n\n<p>W zwi\u0105zku z rozpocz\u0119ciem projektu <em>&#8222;Perspektywa 3P dla wojew\u00f3dztwa \u015bl\u0105skiego&#8221;<\/em> serdecznie zapraszamy Pa\u0144stwa na pierwszy webinar, kt\u00f3ry odb\u0119dzie si\u0119 w <strong>\u015brod\u0119 28 maja 10:30\u201311:15<\/strong> na platformie Teams.<\/p>\n\n\n\n<p><em style=\"box-sizing: border-box; margin: 0px; padding: 0px; outline: 0px; color: rgb(91, 100, 110); font-family: &quot;Open Sans&quot;, sans-serif; font-size: 16px; font-variant-ligatures: normal; font-variant-caps: normal; font-weight: 400; letter-spacing: normal; orphans: 2; text-align: left; text-indent: 0px; text-transform: none; widows: 2; word-spacing: 0px; -webkit-text-stroke-width: 0px; white-space: normal; background-color: rgb(255, 255, 255); text-decoration-thickness: initial; text-decoration-style: initial; text-decoration-color: initial;\">Do\u0142\u0105cz do spotkania 28.05.2025:&nbsp;<\/em><span style=\"color: rgb(91, 100, 110); font-family: &quot;Open Sans&quot;, sans-serif; font-size: 16px; font-style: normal; font-variant-ligatures: normal; font-variant-caps: normal; font-weight: 400; letter-spacing: normal; orphans: 2; text-align: left; text-indent: 0px; text-transform: none; widows: 2; word-spacing: 0px; -webkit-text-stroke-width: 0px; white-space: normal; background-color: rgb(255, 255, 255); text-decoration-thickness: initial; text-decoration-style: initial; text-decoration-color: initial; display: inline !important; float: none;\">\u2192&nbsp;<\/span><em style=\"box-sizing: border-box; margin: 0px; padding: 0px; outline: 0px; color: rgb(91, 100, 110); font-family: &quot;Open Sans&quot;, sans-serif; font-size: 16px; font-variant-ligatures: normal; font-variant-caps: normal; font-weight: 400; letter-spacing: normal; orphans: 2; text-align: left; text-indent: 0px; text-transform: none; widows: 2; word-spacing: 0px; -webkit-text-stroke-width: 0px; white-space: normal; background-color: rgb(255, 255, 255); text-decoration-thickness: initial; text-decoration-style: initial; text-decoration-color: initial;\">link niedost\u0119pny \u2013 spotkanie zako\u0144czone&nbsp;<\/em><span style=\"color: rgb(91, 100, 110); font-family: &quot;Open Sans&quot;, sans-serif; font-size: 16px; font-style: normal; font-variant-ligatures: normal; font-variant-caps: normal; font-weight: 400; letter-spacing: normal; orphans: 2; text-align: left; text-indent: 0px; text-transform: none; widows: 2; word-spacing: 0px; -webkit-text-stroke-width: 0px; white-space: normal; background-color: rgb(255, 255, 255); text-decoration-thickness: initial; text-decoration-style: initial; text-decoration-color: initial; display: inline !important; float: none;\">\u2190<\/span><\/p>\n","protected":false},"excerpt":{"rendered":"<p>Wyniki oceny merytorycznej wniosk\u00f3w PRZYPOMINAMY, \u017ce zgodnie z \u2018Procedur\u0105 konkursu grantowego\u2019 \u00a79. Pkt 6Wszyscy Wnioskodawcy, kt\u00f3rzy zg\u0142osili si\u0119 do konkursu grantowego,a nie otrzymali grantu zostaj\u0105 automatycznie zakwalifikowani do dzia\u0142a\u0144 szkoleniowych. Nr wniosku Wynik oceny merytorycznej\/Ocena \u015brednia Kwota przyznana Informacje dodatkowe 20251023\/1347\/0033 113,5 &nbsp;149&nbsp;993,00&nbsp;z\u0142&nbsp; 20251023\/1931\/0064 113 &nbsp;149&nbsp;999,00&nbsp;z\u0142&nbsp; 20251114\/1041\/0733 113 &nbsp;141&nbsp;556,50&nbsp;z\u0142&nbsp; 20251113\/1225\/0671 112,5 &nbsp;150&nbsp;000,00&nbsp;z\u0142&nbsp; 20251023\/1838\/0061 112 &nbsp;120&nbsp;000,00&nbsp;z\u0142&nbsp;&hellip; <br \/> <a class=\"read-more\" href=\"https:\/\/perspektywa3p.us.edu.pl\/index.php\/slaskie-spotkania-webinary-biezace-informacje\/\">Dowiedz si\u0119 wi\u0119cej<\/a><\/p>\n","protected":false},"author":1,"featured_media":0,"parent":0,"menu_order":0,"comment_status":"closed","ping_status":"closed","template":"","meta":{"footnotes":""},"class_list":["post-955","page","type-page","status-publish","hentry"],"_links":{"self":[{"href":"https:\/\/perspektywa3p.us.edu.pl\/index.php\/wp-json\/wp\/v2\/pages\/955","targetHints":{"allow":["GET"]}}],"collection":[{"href":"https:\/\/perspektywa3p.us.edu.pl\/index.php\/wp-json\/wp\/v2\/pages"}],"about":[{"href":"https:\/\/perspektywa3p.us.edu.pl\/index.php\/wp-json\/wp\/v2\/types\/page"}],"author":[{"embeddable":true,"href":"https:\/\/perspektywa3p.us.edu.pl\/index.php\/wp-json\/wp\/v2\/users\/1"}],"replies":[{"embeddable":true,"href":"https:\/\/perspektywa3p.us.edu.pl\/index.php\/wp-json\/wp\/v2\/comments?post=955"}],"version-history":[{"count":21,"href":"https:\/\/perspektywa3p.us.edu.pl\/index.php\/wp-json\/wp\/v2\/pages\/955\/revisions"}],"predecessor-version":[{"id":3647,"href":"https:\/\/perspektywa3p.us.edu.pl\/index.php\/wp-json\/wp\/v2\/pages\/955\/revisions\/3647"}],"wp:attachment":[{"href":"https:\/\/perspektywa3p.us.edu.pl\/index.php\/wp-json\/wp\/v2\/media?parent=955"}],"curies":[{"name":"wp","href":"https:\/\/api.w.org\/{rel}","templated":true}]}}