{"id":950,"date":"2025-07-28T11:06:23","date_gmt":"2025-07-28T11:06:23","guid":{"rendered":"https:\/\/perspektywa3p.us.edu.pl\/?page_id=950"},"modified":"2025-07-28T11:06:23","modified_gmt":"2025-07-28T11:06:23","slug":"slaskie-list-intencyjny-men","status":"publish","type":"page","link":"https:\/\/perspektywa3p.us.edu.pl\/index.php\/slaskie-list-intencyjny-men\/","title":{"rendered":"\u015al\u0105skie \u2013 list intencyjny MEN"},"content":{"rendered":"\n<div data-wp-interactive=\"core\/file\" class=\"wp-block-file\"><object data-wp-bind--hidden=\"!state.hasPdfPreview\" hidden class=\"wp-block-file__embed\" data=\"https:\/\/perspektywa3p.us.edu.pl\/wp-content\/uploads\/2025\/05\/List-intencyjny-Perspektywa-3P-dla-wojewodztwa-slaskiego.pdf\" type=\"application\/pdf\" style=\"width:100%;height:1140px\" aria-label=\"Osadzone z List intencyjny -   Perspektywa 3P dla wojew\u00f3dztwa \u015bl\u0105skiego.\"><\/object><a id=\"wp-block-file--media-0fd36c72-deec-4e1c-ade1-91e86a0d7d8a\" href=\"https:\/\/perspektywa3p.us.edu.pl\/wp-content\/uploads\/2025\/05\/List-intencyjny-Perspektywa-3P-dla-wojewodztwa-slaskiego.pdf\">List intencyjny &#8211;   Perspektywa 3P dla wojew\u00f3dztwa \u015bl\u0105skiego<\/a><\/div>\n","protected":false},"excerpt":{"rendered":"","protected":false},"author":1,"featured_media":0,"parent":0,"menu_order":0,"comment_status":"closed","ping_status":"closed","template":"","meta":{"footnotes":""},"class_list":["post-950","page","type-page","status-publish","hentry"],"_links":{"self":[{"href":"https:\/\/perspektywa3p.us.edu.pl\/index.php\/wp-json\/wp\/v2\/pages\/950","targetHints":{"allow":["GET"]}}],"collection":[{"href":"https:\/\/perspektywa3p.us.edu.pl\/index.php\/wp-json\/wp\/v2\/pages"}],"about":[{"href":"https:\/\/perspektywa3p.us.edu.pl\/index.php\/wp-json\/wp\/v2\/types\/page"}],"author":[{"embeddable":true,"href":"https:\/\/perspektywa3p.us.edu.pl\/index.php\/wp-json\/wp\/v2\/users\/1"}],"replies":[{"embeddable":true,"href":"https:\/\/perspektywa3p.us.edu.pl\/index.php\/wp-json\/wp\/v2\/comments?post=950"}],"version-history":[{"count":1,"href":"https:\/\/perspektywa3p.us.edu.pl\/index.php\/wp-json\/wp\/v2\/pages\/950\/revisions"}],"predecessor-version":[{"id":951,"href":"https:\/\/perspektywa3p.us.edu.pl\/index.php\/wp-json\/wp\/v2\/pages\/950\/revisions\/951"}],"wp:attachment":[{"href":"https:\/\/perspektywa3p.us.edu.pl\/index.php\/wp-json\/wp\/v2\/media?parent=950"}],"curies":[{"name":"wp","href":"https:\/\/api.w.org\/{rel}","templated":true}]}}