{"id":904,"date":"2025-07-28T10:55:15","date_gmt":"2025-07-28T10:55:15","guid":{"rendered":"https:\/\/perspektywa3p.us.edu.pl\/?page_id=904"},"modified":"2025-07-28T10:55:16","modified_gmt":"2025-07-28T10:55:16","slug":"opolskie-wykaz-publicznych-poradni-psychologiczno-pedagogicznych-ppp","status":"publish","type":"page","link":"https:\/\/perspektywa3p.us.edu.pl\/index.php\/opolskie-wykaz-publicznych-poradni-psychologiczno-pedagogicznych-ppp\/","title":{"rendered":"Opolskie \u2013 wykaz publicznych poradni psychologiczno-pedagogicznych (PPP)"},"content":{"rendered":"\n<p><strong>Organ prowadz\u0105cy:<\/strong> <strong>POWIAT BRZESKI<\/strong><br>PPP W BRZEGU, ul. Poprzeczna 3c<br>Strona www: <a href=\"https:\/\/poradnia-brzeg.edu.pl\/\">https:\/\/poradnia-brzeg.edu.pl\/<\/a><br>PPP W GRODKOWIE, ul. Kasztanowa 3<br>Strona www: <a href=\"https:\/\/poradniagrodkow.pl\/\">https:\/\/poradniagrodkow.pl\/<\/a><\/p>\n\n\n\n<p><strong>Organ prowadz\u0105cy:<\/strong> <strong>POWIAT G\u0141UBCZYCKI<\/strong><br>PPP w G\u0142ubczycach, ul. Raciborska 17<br>Strona www: <a href=\"https:\/\/pppglubczyce.pl\/\">https:\/\/pppglubczyce.pl\/<\/a><\/p>\n\n\n\n<p><strong>Organ prowadz\u0105cy:<\/strong> <strong>POWIAT K\u0118DZIERZY\u0143SKO-KOZIELSKI<\/strong><br>PUBLICZNA PPP w K\u0119dzierzyn Ko\u017ale, ul. Skarbowa 4<br>Strona www: <a href=\"https:\/\/poradniakk.pl\/\">https:\/\/poradniakk.pl\/<\/a><\/p>\n\n\n\n<p><strong>Organ prowadz\u0105cy:<\/strong> <strong>POWIAT KLUCZBORSKI<\/strong><br>PPP W KLUCZBORKU, ul. Sienkiewicza 20B<br>Strona www: <a href=\"http:\/\/www.poradniakluczbork.pl\/\">http:\/\/www.poradniakluczbork.pl\/<\/a><\/p>\n\n\n\n<p><strong>Organ prowadz\u0105cy:<\/strong> <strong>POWIAT KRAPKOWICKI<\/strong><br>PPP W KRAPKOWICACH, ul. Kili\u0144skiego 1<br>Strona www: <a href=\"https:\/\/poradnia.powiatkrapkowicki.pl\/\">https:\/\/poradnia.powiatkrapkowicki.pl\/<\/a><\/p>\n\n\n\n<p><strong>Organ prowadz\u0105cy:<\/strong> <strong>POWIAT NAMYS\u0141OWSKI<\/strong><br>PPP W NAMYS\u0141OWIE, ul. Adama Mickiewicza 14<br>Strona www: <a href=\"https:\/\/www.poradnia-namyslow.pl\/\">https:\/\/www.poradnia-namyslow.pl\/<\/a><\/p>\n\n\n\n<p><strong>Organ prowadz\u0105cy:<\/strong> <strong>POWIAT NYSKI<\/strong><br>PPP W NYSIE, ul. S\u0142owia\u0144ska 17<br>Strona www: <a href=\"https:\/\/ppp.nysa.pl\/ppp-nysa\">https:\/\/ppp.nysa.pl\/ppp-nysa<\/a><\/p>\n\n\n\n<p><strong>Organ prowadz\u0105cy:<\/strong> <strong>POWIAT OLESKI<\/strong><br>PUBLICZNA PPP W OLE\u015aNIE, ul. D\u0119bowa 3<br>Strona www: <a href=\"https:\/\/www.poradnia-olesno.pl\/\">https:\/\/www.poradnia-olesno.pl\/<\/a><\/p>\n\n\n\n<p><strong>Organ prowadz\u0105cy:<\/strong> <strong>MIASTO OPOLE<\/strong><br>MIEJSKA PPP, ul. Powsta\u0144c\u00f3w \u015al\u0105skich 19<br>Strona www: <a href=\"https:\/\/mcwe.opole.pl\/mpppopole.html\">https:\/\/mcwe.opole.pl\/mpppopole.html<\/a><\/p>\n\n\n\n<p><strong>Organ prowadz\u0105cy:<\/strong> <strong>POWIAT OPOLSKI<\/strong><br>PPP W OPOLU, ul. Ksi\u0105\u017c\u0105t Opolskich 27<br>Strona www: <a href=\"https:\/\/www.pppopole.pl\/\">https:\/\/www.pppopole.pl\/<\/a><br>PPP W NIEMODLINIE, ul. Wojska Polskiego 5<br>Strona www: <a href=\"https:\/\/pppniemodlin.pl\/\">https:\/\/pppniemodlin.pl\/<\/a><br>PPP W OZIMKU, ul. Cz\u0119stochowska 31<br>Strona www: <a href=\"https:\/\/pppozimek.pl\/\">https:\/\/pppozimek.pl\/<\/a><\/p>\n\n\n\n<p><strong>Organ prowadz\u0105cy:<\/strong> <strong>JURA BARBARA<\/strong><br>PUBLICZNA SPECJALISTYCZNA PPP DLA POLONII HOMO CREATOR W OPOLU, ul. Krapkowicka 10 A<br>Strona www: <a href=\"https:\/\/www.homocreator.pl\/\">https:\/\/www.homocreator.pl\/<\/a><\/p>\n\n\n\n<p><strong>Organ prowadz\u0105cy:<\/strong> <strong>POWIAT PRUDNICKI<\/strong><br>PPP W PRUDNIKU, ul. Parkowa 10<br>Strona www: <a href=\"https:\/\/poradniaprudnik.pl\/\">https:\/\/poradniaprudnik.pl\/<\/a><\/p>\n\n\n\n<p><strong>Organ prowadz\u0105cy:<\/strong> <strong>Powiat Strzelecki<\/strong><br>PPP W STRZELCACH OPOLSKICH, ul. Boles\u0142awa Chrobrego 5<br>Strona www: <a href=\"https:\/\/pppstrzelce.szkolnastrona.pl\/\">https:\/\/pppstrzelce.szkolnastrona.pl\/<\/a><\/p>\n","protected":false},"excerpt":{"rendered":"<p>Organ prowadz\u0105cy: POWIAT BRZESKIPPP W BRZEGU, ul. Poprzeczna 3cStrona www: https:\/\/poradnia-brzeg.edu.pl\/PPP W GRODKOWIE, ul. Kasztanowa 3Strona www: https:\/\/poradniagrodkow.pl\/ Organ prowadz\u0105cy: POWIAT G\u0141UBCZYCKIPPP w G\u0142ubczycach, ul. Raciborska 17Strona www: https:\/\/pppglubczyce.pl\/ Organ prowadz\u0105cy: POWIAT K\u0118DZIERZY\u0143SKO-KOZIELSKIPUBLICZNA PPP w K\u0119dzierzyn Ko\u017ale, ul. Skarbowa 4Strona www: https:\/\/poradniakk.pl\/ Organ prowadz\u0105cy: POWIAT KLUCZBORSKIPPP W KLUCZBORKU, ul. Sienkiewicza 20BStrona www: http:\/\/www.poradniakluczbork.pl\/ Organ prowadz\u0105cy:&hellip; <br \/> <a class=\"read-more\" href=\"https:\/\/perspektywa3p.us.edu.pl\/index.php\/opolskie-wykaz-publicznych-poradni-psychologiczno-pedagogicznych-ppp\/\">Dowiedz si\u0119 wi\u0119cej<\/a><\/p>\n","protected":false},"author":1,"featured_media":0,"parent":0,"menu_order":0,"comment_status":"closed","ping_status":"closed","template":"","meta":{"footnotes":""},"class_list":["post-904","page","type-page","status-publish","hentry"],"_links":{"self":[{"href":"https:\/\/perspektywa3p.us.edu.pl\/index.php\/wp-json\/wp\/v2\/pages\/904","targetHints":{"allow":["GET"]}}],"collection":[{"href":"https:\/\/perspektywa3p.us.edu.pl\/index.php\/wp-json\/wp\/v2\/pages"}],"about":[{"href":"https:\/\/perspektywa3p.us.edu.pl\/index.php\/wp-json\/wp\/v2\/types\/page"}],"author":[{"embeddable":true,"href":"https:\/\/perspektywa3p.us.edu.pl\/index.php\/wp-json\/wp\/v2\/users\/1"}],"replies":[{"embeddable":true,"href":"https:\/\/perspektywa3p.us.edu.pl\/index.php\/wp-json\/wp\/v2\/comments?post=904"}],"version-history":[{"count":1,"href":"https:\/\/perspektywa3p.us.edu.pl\/index.php\/wp-json\/wp\/v2\/pages\/904\/revisions"}],"predecessor-version":[{"id":905,"href":"https:\/\/perspektywa3p.us.edu.pl\/index.php\/wp-json\/wp\/v2\/pages\/904\/revisions\/905"}],"wp:attachment":[{"href":"https:\/\/perspektywa3p.us.edu.pl\/index.php\/wp-json\/wp\/v2\/media?parent=904"}],"curies":[{"name":"wp","href":"https:\/\/api.w.org\/{rel}","templated":true}]}}