{"id":832,"date":"2025-07-28T10:33:47","date_gmt":"2025-07-28T10:33:47","guid":{"rendered":"https:\/\/perspektywa3p.us.edu.pl\/?page_id=832"},"modified":"2025-07-28T10:33:48","modified_gmt":"2025-07-28T10:33:48","slug":"lubelskie-wykaz-publicznych-poradni-psychologiczno-pedagogicznych-ppp","status":"publish","type":"page","link":"https:\/\/perspektywa3p.us.edu.pl\/index.php\/lubelskie-wykaz-publicznych-poradni-psychologiczno-pedagogicznych-ppp\/","title":{"rendered":"Lubelskie \u2013 wykaz publicznych poradni psychologiczno-pedagogicznych (PPP)"},"content":{"rendered":"\n<p><strong>Organ prowadz\u0105cy:<\/strong> <strong>POWIAT BIALSKI<\/strong><br>POWIATOWA PPP W BIA\u0141EJ PODLASKIEJ, ul. Warszawska 12 c<br>POWIATOWA PPP W BIA\u0141EJ PODLASKIEJ FILIA W MI\u0118DZYRZECU PODLASKIM, ul. Czysta 11<br>POWIATOWA PPP W BIA\u0141EJ PODLASKIEJ FILIA W TERESPOLU, ul. Wojska Polskiego 88<br>POWIATOWA PPP W BIA\u0141EJ PODLASKIEJ FILIA W WISZNICACH, ul. Warszawska 44<br>Strona www: <a href=\"http:\/\/powiatowa-poradniabp.pl\/\">http:\/\/powiatowa-poradniabp.pl\/<\/a><\/p>\n\n\n\n<p><strong>Organ prowadz\u0105cy:<\/strong> <strong>GMINA MIEJSKA BIA\u0141A PODLASKA<\/strong><br>PPP W BIA\u0141EJ PODLASKIEJ, ul. Ludwika Wary\u0144skiego 3<br>Strona www: <a href=\"https:\/\/www.pppbialapodlaska.pl\/\">https:\/\/www.pppbialapodlaska.pl\/<\/a><\/p>\n\n\n\n<p><strong>Organ prowadz\u0105cy:<\/strong> <strong>POWIAT&nbsp; BI\u0141GORAJSKI<\/strong><br>PPP W BI\u0141GORAJU, ul. Tadeusza Ko\u015bciuszki 41\/43<br>Strona www: <a href=\"https:\/\/www.ppp.lbl.pl\/\">https:\/\/www.ppp.lbl.pl\/<\/a><\/p>\n\n\n\n<p><strong>Organ prowadz\u0105cy:<\/strong> <strong>MIASTO CHE\u0141M<\/strong><br>PPP NR 1 W CHE\u0141MIE, ul. Po\u0142aniecka 5<br>PPP NR 2 W CHE\u0141MIE, ul. Powsta\u0144c\u00f3w Warszawy 8<\/p>\n\n\n\n<p><strong>Organ prowadz\u0105cy:<\/strong> <strong>POWIAT CHE\u0141MSKI<\/strong><br>PPP W P\u0141AWANICACH,&nbsp; 75<br>Strona www: <a href=\"https:\/\/ppp-plawanice.pl\/\">https:\/\/ppp-plawanice.pl\/<\/a><br>PPP W REJOWCU FABRYCZNYM, ul. Lubelska 24\/b<br>Strona www: <a href=\"https:\/\/www.ppp-rejowiec.pl\/\">https:\/\/www.ppp-rejowiec.pl\/<\/a><br>PPP W WIERZBICY, ul. Pogodna 8<br>Strona www: <a href=\"https:\/\/pppwierzbica.pl\/\">https:\/\/pppwierzbica.pl\/<\/a><\/p>\n\n\n\n<p><strong>Organ prowadz\u0105cy:<\/strong> <strong>POWIAT HRUBIESZOWSKI<\/strong><br>PPP W HRUBIESZOWIE, ul. Zamojska 16a<br>Strona www: <a href=\"https:\/\/ppphrubieszow.pl\/\">https:\/\/ppphrubieszow.pl\/<\/a><\/p>\n\n\n\n<p><strong>Organ prowadz\u0105cy:<\/strong> <strong>POWIAT JANOWSKI<\/strong><br>PPP W JANOWIE LUBELSKIM, ul. Jana Zamoyskiego 77<br>Strona www: <a href=\"https:\/\/pppjanow.szkolnastrona.pl\/\">https:\/\/pppjanow.szkolnastrona.pl\/<\/a><\/p>\n\n\n\n<p><strong>Organ prowadz\u0105cy:<\/strong> <strong>POWIAT KRASNOSTAWSKI<\/strong><br>PPP W KRASNYMSTAWIE, ul. Sobieskiego 3<br>Strona www: <a href=\"https:\/\/pppkrasnystaw.pl\/\">https:\/\/pppkrasnystaw.pl\/<\/a><\/p>\n\n\n\n<p><strong>Organ prowadz\u0105cy:<\/strong> <strong>POWIAT KRA\u015aNICKI<\/strong><br>POWIATOWY ZESP\u00d3\u0141 PPP W KRA\u015aNIKU, ul. Juliusza S\u0142owackiego 7<br>Strona www: <a href=\"https:\/\/poradniakrasnik.pl\/\">https:\/\/poradniakrasnik.pl\/<\/a><\/p>\n\n\n\n<p><strong>Organ prowadz\u0105cy:<\/strong> <strong>POWIAT LUBARTOWSKI<\/strong><br>PPP W LUBARTOWIE, ul. S\u0142owackiego 7<br>Strona www: <a href=\"https:\/\/ppp.poradnialubartow.pl\/\">https:\/\/ppp.poradnialubartow.pl\/<\/a><\/p>\n\n\n\n<p><strong>Organ prowadz\u0105cy:<\/strong> <strong>POWIAT LUBELSKI<\/strong><br>PPP W BE\u0141\u017bYCACH, ul. Fabryczna 2b<br>Strona www: <a href=\"https:\/\/poradnia-belzyce.szkolnastrona.pl\/\">https:\/\/poradnia-belzyce.szkolnastrona.pl\/<\/a><br>PPP W BYCHAWIE, ul. 11 Listopada 9<br>Strona www: <a href=\"https:\/\/poradniawbychawie.pl\/\">https:\/\/poradniawbychawie.pl\/<\/a><br>PPP NR 7 W LUBLINIE, ul. Okopowa 5<br>Strona www: <a href=\"https:\/\/ppp7.powiat.lublin.pl\/\">https:\/\/ppp7.powiat.lublin.pl\/<\/a><\/p>\n\n\n\n<p><strong>Organ prowadz\u0105cy:<\/strong> <strong>GMINA LUBLIN<\/strong><br>PPP NR 1 W LUBLINIE, ul. Pogodna 54<br>Strona www: <a href=\"https:\/\/ppp1.lublin.eu\/\">https:\/\/ppp1.lublin.eu\/<\/a><br>PPP NR 2 W LUBLINIE, ul. Rado\u015bci 8<br>Strona www: <a href=\"https:\/\/ppp2.lublin.eu\/\">https:\/\/ppp2.lublin.eu\/<\/a><br>PPP NR 3 W LUBLINIE, ul. Ignacego Rzeckiego 21<br>Strona www: <a href=\"https:\/\/ppp3.lublin.eu\/\">https:\/\/ppp3.lublin.eu\/<\/a><br>ZESP\u00d3\u0141 PORADNI NR 1 W LUBLINIE PPP NR 5, ul. Magnoliowa 8<br>ZESP\u00d3\u0141 PORADNI NR 1 W LUBLINIE SPECJALISTYCZNA PORADNIA ZAWODOWA, ul. Magnoliowa 8<br>Strona www: <a href=\"https:\/\/zp1.lublin.eu\/\">https:\/\/zp1.lublin.eu\/<\/a><br>ZESP\u00d3\u0141 PORADNI NR 2 W LUBLINIE PPP NR 4, ul. \u017bo\u0142nierzy Niepodleg\u0142ej 1<br>ZESP\u00d3\u0141 PORADNI NR 2 SPECJALISTYCZNA PORADNIA PSYCHOPROFILAKTYKI I TERAPII RODZIN IM.PROF.W.FIJA\u0141KOWSKIEGO W LUBLINIE, ul. \u017bo\u0142nierzy Niepodleg\u0142ej 1<br>Strona www: <a href=\"https:\/\/zp2.lublin.eu\/\">https:\/\/zp2.lublin.eu\/<\/a><br>ZESP\u00d3\u0141 PORADNI NR 3 W LUBLINIE PPP NR 6, ul. M\u0142odej Polski 30<br>ZESP\u00d3\u0141 PORADNI NR 3 W LUBLINIE &#8211; SPECJALISTYCZNA PORADNIA WCZESNEJ DIAGNOZY I REHABILITACJI, ul. M\u0142odej Polski 30<br>Strona www: <a href=\"https:\/\/zp3.lublin.eu\/\">https:\/\/zp3.lublin.eu\/<\/a><\/p>\n\n\n\n<p><strong>Organ prowadz\u0105cy:<\/strong> <strong>POWIAT \u0141\u0118CZY\u0143SKI<\/strong><br>PPP W \u0141\u0118CZNEJ, ul. Aleja Jana Paw\u0142a II 95<br>Strona www: <a href=\"https:\/\/poradnialeczna.pl\/\">https:\/\/poradnialeczna.pl\/<\/a><\/p>\n\n\n\n<p><strong>Organ prowadz\u0105cy:<\/strong> <strong>POWIAT \u0141UKOWSKI<\/strong><br>PPP W \u0141UKOWIE, ul. ks. kard. Stefana Wyszy\u0144skiego 41<br>Strona www: <a href=\"https:\/\/poradnia.lukow.pl\/\">https:\/\/poradnia.lukow.pl\/<\/a><\/p>\n\n\n\n<p><strong>Organ prowadz\u0105cy:<\/strong> <strong>POWIAT OPOLSKI<\/strong><br>PPP W OPOLU LUBELSKIM, ul. Szkolna 5<br>Strona www: <a href=\"http:\/\/poradniappopolelub.pl\/\">http:\/\/poradniappopolelub.pl\/<\/a><\/p>\n\n\n\n<p><strong>Organ prowadz\u0105cy:<\/strong> <strong>POWIAT PARCZEWSKI<\/strong><br>POWIATOWA PPP W PARCZEWIE, ul. Adama Mickiewicza 5<br>Strona www: <a href=\"https:\/\/www.poradnia.parczew.pl\/\">https:\/\/www.poradnia.parczew.pl\/<\/a><\/p>\n\n\n\n<p><strong>Organ prowadz\u0105cy:<\/strong> <strong>POWIAT PU\u0141AWSKI<\/strong><br>PPP W PU\u0141AWACH IM. PROF. KAZIMIERZA D\u0104BROWSKIEGO, al. Kr\u00f3lewska 19<br>Strona www: <a href=\"https:\/\/poradnia.pulawy.pl\/\">https:\/\/poradnia.pulawy.pl\/<\/a><\/p>\n\n\n\n<p><strong>Organ prowadz\u0105cy:<\/strong> <strong>POWIAT RADZY\u0143SKI<\/strong><br>PPP W RADZYNIU PODLASKIM, ul. Jana Paw\u0142a II 6<br>Strona www: <a href=\"http:\/\/radzyn.naszaporadnia.com\/\">http:\/\/radzyn.naszaporadnia.com\/<\/a><\/p>\n\n\n\n<p><strong>Organ prowadz\u0105cy:<\/strong> <strong>POWIAT RYCKI<\/strong><br>PPP W D\u0118BLINIE, ul. Podchor\u0105\u017cych 8a<br>Strona www: <a href=\"https:\/\/pppdeblin.szkolnastrona.pl\/\">https:\/\/pppdeblin.szkolnastrona.pl\/<\/a><br>PPP W RYKACH, ul. \u017bytnia 10a<br>Strona www: <a href=\"https:\/\/www.ppp-ryki.pl\/\">https:\/\/www.ppp-ryki.pl\/<\/a><\/p>\n\n\n\n<p><strong>Organ prowadz\u0105cy:<\/strong> <strong>POWIAT \u015aWIDNICKI<\/strong><br>PPP W \u015aWIDNIKU, ul. Cypriana Kamila Norwida 2a<br>Strona www: <a href=\"https:\/\/poradnia.swidnik.pl\/\">https:\/\/poradnia.swidnik.pl\/<\/a><\/p>\n\n\n\n<p><strong>Organ prowadz\u0105cy:<\/strong> <strong>POWIAT TOMASZOWSKI<\/strong><br>PPP W TOMASZOWIE LUBELSKIM, ul. Siwa Dolina 2A<br>Strona www: <a href=\"https:\/\/www.ppp-tomaszow.pl\/\">https:\/\/www.ppp-tomaszow.pl\/<\/a><\/p>\n\n\n\n<p><strong>Organ prowadz\u0105cy:<\/strong> <strong>POWIAT W\u0141ODAWSKI<\/strong><br>PPP WE W\u0141ODAWIE, ul. Partyzant\u00f3w 17<br>Strona www: <a href=\"https:\/\/pppwlodawa.pl\/\">https:\/\/pppwlodawa.pl\/<\/a><\/p>\n\n\n\n<p><strong>Organ prowadz\u0105cy:<\/strong> <strong>POWIAT ZAMOJSKI<\/strong><br>PPP NR 2 W ZAMO\u015aCIU, ul. Stefana Okrzei 24\/24<br>Strona www: <a href=\"http:\/\/www.por2zamosc.pl\/\">http:\/\/www.por2zamosc.pl\/<\/a><\/p>\n\n\n\n<p><strong>Organ prowadz\u0105cy:<\/strong> <strong>MIASTO ZAMO\u015a\u0106<\/strong><br>PPP NR 1 W ZAMO\u015aCIU, ul. Stefana Okrzei 24<br>Strona www: <a href=\"https:\/\/pppnr1.x.pl\/\">https:\/\/pppnr1.x.pl\/<\/a><\/p>\n","protected":false},"excerpt":{"rendered":"<p>Organ prowadz\u0105cy: POWIAT BIALSKIPOWIATOWA PPP W BIA\u0141EJ PODLASKIEJ, ul. Warszawska 12 cPOWIATOWA PPP W BIA\u0141EJ PODLASKIEJ FILIA W MI\u0118DZYRZECU PODLASKIM, ul. Czysta 11POWIATOWA PPP W BIA\u0141EJ PODLASKIEJ FILIA W TERESPOLU, ul. Wojska Polskiego 88POWIATOWA PPP W BIA\u0141EJ PODLASKIEJ FILIA W WISZNICACH, ul. Warszawska 44Strona www: http:\/\/powiatowa-poradniabp.pl\/ Organ prowadz\u0105cy: GMINA MIEJSKA BIA\u0141A PODLASKAPPP W BIA\u0141EJ PODLASKIEJ,&hellip; <br \/> <a class=\"read-more\" href=\"https:\/\/perspektywa3p.us.edu.pl\/index.php\/lubelskie-wykaz-publicznych-poradni-psychologiczno-pedagogicznych-ppp\/\">Dowiedz si\u0119 wi\u0119cej<\/a><\/p>\n","protected":false},"author":1,"featured_media":0,"parent":0,"menu_order":0,"comment_status":"closed","ping_status":"closed","template":"","meta":{"footnotes":""},"class_list":["post-832","page","type-page","status-publish","hentry"],"_links":{"self":[{"href":"https:\/\/perspektywa3p.us.edu.pl\/index.php\/wp-json\/wp\/v2\/pages\/832","targetHints":{"allow":["GET"]}}],"collection":[{"href":"https:\/\/perspektywa3p.us.edu.pl\/index.php\/wp-json\/wp\/v2\/pages"}],"about":[{"href":"https:\/\/perspektywa3p.us.edu.pl\/index.php\/wp-json\/wp\/v2\/types\/page"}],"author":[{"embeddable":true,"href":"https:\/\/perspektywa3p.us.edu.pl\/index.php\/wp-json\/wp\/v2\/users\/1"}],"replies":[{"embeddable":true,"href":"https:\/\/perspektywa3p.us.edu.pl\/index.php\/wp-json\/wp\/v2\/comments?post=832"}],"version-history":[{"count":1,"href":"https:\/\/perspektywa3p.us.edu.pl\/index.php\/wp-json\/wp\/v2\/pages\/832\/revisions"}],"predecessor-version":[{"id":833,"href":"https:\/\/perspektywa3p.us.edu.pl\/index.php\/wp-json\/wp\/v2\/pages\/832\/revisions\/833"}],"wp:attachment":[{"href":"https:\/\/perspektywa3p.us.edu.pl\/index.php\/wp-json\/wp\/v2\/media?parent=832"}],"curies":[{"name":"wp","href":"https:\/\/api.w.org\/{rel}","templated":true}]}}