{"id":671,"date":"2025-06-27T12:42:09","date_gmt":"2025-06-27T12:42:09","guid":{"rendered":"https:\/\/perspektywa3p.us.edu.pl\/?page_id=671"},"modified":"2026-03-25T13:27:03","modified_gmt":"2026-03-25T13:27:03","slug":"raporty","status":"publish","type":"page","link":"https:\/\/perspektywa3p.us.edu.pl\/index.php\/raporty\/","title":{"rendered":"Raporty"},"content":{"rendered":"\n<div class=\"wp-block-file\"><a id=\"wp-block-file--media-53f6a307-2b0a-4213-8110-64c98a918d05\" href=\"https:\/\/perspektywa3p.us.edu.pl\/wp-content\/uploads\/2025\/06\/analiza-praktyki-szkolnej.pdf\">Analiza praktyki szkolnej<\/a><a href=\"https:\/\/perspektywa3p.us.edu.pl\/wp-content\/uploads\/2025\/06\/analiza-praktyki-szkolnej.pdf\" class=\"wp-block-file__button wp-element-button\" download aria-describedby=\"wp-block-file--media-53f6a307-2b0a-4213-8110-64c98a918d05\">Pobierz<\/a><\/div>\n\n\n\n<p><a href=\"https:\/\/ibe.edu.pl\/images\/BIBLIOTEKA\/WDEDU\/Raport-z-og-lnopolskich-bada-potrzeb-kadr-systemu-o-wiaty-w-zakresie-zasob-w-dydaktycznych-i-metodycznych-dostosowanych-do-zr-nicowanych-potrzeb-dzieci-i-m-odzie-y-przedszkola-szko-y-plac-wki-doskona.pdf\">Raport badania kadr systemu o\u015bwiaty<\/a><\/p>\n\n\n\n<div class=\"wp-block-file\"><a id=\"wp-block-file--media-f903721e-3c92-4ee3-8928-e955aa52f516\" href=\"https:\/\/perspektywa3p.us.edu.pl\/wp-content\/uploads\/2025\/07\/Raport-koncowy-Monitorowanie-i-ewaluacja-Specjalistycznych-Centrow-Wspierajacych-2.pdf\">Raport ko\u0144cowy z realizacji SCWEW<\/a><a href=\"https:\/\/perspektywa3p.us.edu.pl\/wp-content\/uploads\/2025\/07\/Raport-koncowy-Monitorowanie-i-ewaluacja-Specjalistycznych-Centrow-Wspierajacych-2.pdf\" class=\"wp-block-file__button wp-element-button\" download aria-describedby=\"wp-block-file--media-f903721e-3c92-4ee3-8928-e955aa52f516\">Pobierz<\/a><\/div>\n\n\n\n<div class=\"wp-block-file\"><a id=\"wp-block-file--media-8bfcd632-ce82-4637-b883-8745548d5304\" href=\"https:\/\/perspektywa3p.us.edu.pl\/wp-content\/uploads\/2025\/06\/Raport-merytoryczny-edukacja-wlaczajaca.pdf\">Raport merytoryczny &#8211; edukacja w\u0142\u0105czaj\u0105ca<\/a><a href=\"https:\/\/perspektywa3p.us.edu.pl\/wp-content\/uploads\/2025\/06\/Raport-merytoryczny-edukacja-wlaczajaca.pdf\" class=\"wp-block-file__button wp-element-button\" download aria-describedby=\"wp-block-file--media-8bfcd632-ce82-4637-b883-8745548d5304\">Pobierz<\/a><\/div>\n\n\n\n<p><a href=\"https:\/\/ore.edu.pl\/wp-content\/plugins\/download-attachments\/includes\/download.php?id=33887\">Raport statystyczny \u2013 edukacja w\u0142\u0105czaj\u0105ca w Polsce<\/a><\/p>\n\n\n\n<div class=\"wp-block-file\"><a id=\"wp-block-file--media-f9283b6c-cba8-442b-9450-6859ae6cc456\" href=\"https:\/\/perspektywa3p.us.edu.pl\/wp-content\/uploads\/2026\/03\/Informacje-o-wynikach-kontroli-Pomoc-psychologiczna-i-psychoterapeutyczna-dla-dzieci-i-mlodziezy.pdf\" target=\"_blank\" rel=\"noreferrer noopener\">Informacje o wynikach kontroli &#8211; Pomoc psychologiczna i psychoterapeutyczna dla dzieci i m\u0142odzie\u017cy<\/a><a href=\"https:\/\/perspektywa3p.us.edu.pl\/wp-content\/uploads\/2026\/03\/Informacje-o-wynikach-kontroli-Pomoc-psychologiczna-i-psychoterapeutyczna-dla-dzieci-i-mlodziezy.pdf\" class=\"wp-block-file__button wp-element-button\" download aria-describedby=\"wp-block-file--media-f9283b6c-cba8-442b-9450-6859ae6cc456\">Pobierz<\/a><\/div>\n\n\n\n<p><\/p>\n","protected":false},"excerpt":{"rendered":"<p>Raport badania kadr systemu o\u015bwiaty Raport statystyczny \u2013 edukacja w\u0142\u0105czaj\u0105ca w Polsce<\/p>\n","protected":false},"author":1,"featured_media":0,"parent":0,"menu_order":0,"comment_status":"closed","ping_status":"closed","template":"","meta":{"footnotes":""},"class_list":["post-671","page","type-page","status-publish","hentry"],"_links":{"self":[{"href":"https:\/\/perspektywa3p.us.edu.pl\/index.php\/wp-json\/wp\/v2\/pages\/671","targetHints":{"allow":["GET"]}}],"collection":[{"href":"https:\/\/perspektywa3p.us.edu.pl\/index.php\/wp-json\/wp\/v2\/pages"}],"about":[{"href":"https:\/\/perspektywa3p.us.edu.pl\/index.php\/wp-json\/wp\/v2\/types\/page"}],"author":[{"embeddable":true,"href":"https:\/\/perspektywa3p.us.edu.pl\/index.php\/wp-json\/wp\/v2\/users\/1"}],"replies":[{"embeddable":true,"href":"https:\/\/perspektywa3p.us.edu.pl\/index.php\/wp-json\/wp\/v2\/comments?post=671"}],"version-history":[{"count":6,"href":"https:\/\/perspektywa3p.us.edu.pl\/index.php\/wp-json\/wp\/v2\/pages\/671\/revisions"}],"predecessor-version":[{"id":4255,"href":"https:\/\/perspektywa3p.us.edu.pl\/index.php\/wp-json\/wp\/v2\/pages\/671\/revisions\/4255"}],"wp:attachment":[{"href":"https:\/\/perspektywa3p.us.edu.pl\/index.php\/wp-json\/wp\/v2\/media?parent=671"}],"curies":[{"name":"wp","href":"https:\/\/api.w.org\/{rel}","templated":true}]}}