{"id":28,"date":"2025-04-09T09:27:30","date_gmt":"2025-04-09T09:27:30","guid":{"rendered":"https:\/\/perspektywa3p.us.edu.pl\/?page_id=28"},"modified":"2025-10-17T13:47:23","modified_gmt":"2025-10-17T13:47:23","slug":"wojewodztwa","status":"publish","type":"page","link":"https:\/\/perspektywa3p.us.edu.pl\/index.php\/wojewodztwa\/","title":{"rendered":"Wojew\u00f3dztwa"},"content":{"rendered":"\n<h3 class=\"wp-block-heading\">Wojew\u00f3dztwa, kt\u00f3re obj\u0119te s\u0105 dzia\u0142aniami w projektach: &#8222;Perspektywa 3P&#8221;<\/h3>\n\n\n\n<p>Prosz\u0119 wybra\u0107 na mapie wojew\u00f3dztwo, celem uzyskania szczeg\u00f3\u0142owych informacji.<\/p>\n\n\n<div class=\"map_wrapper\" id=\"map_wrapper_97\">\n<div class=\"map_box\" style=\"max-width:2000px\">\n<div class=\"map_aspect_ratio\" style=\"padding-top:56%\" data-padding-top=\"56%\" data-padding-top-mobile=\"0%\">\n<div class=\"map_container\">\n<div class=\"map_render map_loading\" id=\"map_97\"><\/div>\n<\/div>\n<\/div>\n<\/div>\n<\/div>\n\n\n\n<p><\/p>\n","protected":false},"excerpt":{"rendered":"<p>Wojew\u00f3dztwa, kt\u00f3re obj\u0119te s\u0105 dzia\u0142aniami w projektach: &#8222;Perspektywa 3P&#8221; Prosz\u0119 wybra\u0107 na mapie wojew\u00f3dztwo, celem uzyskania szczeg\u00f3\u0142owych informacji.<\/p>\n","protected":false},"author":1,"featured_media":0,"parent":0,"menu_order":0,"comment_status":"closed","ping_status":"closed","template":"","meta":{"footnotes":""},"class_list":["post-28","page","type-page","status-publish","hentry"],"_links":{"self":[{"href":"https:\/\/perspektywa3p.us.edu.pl\/index.php\/wp-json\/wp\/v2\/pages\/28","targetHints":{"allow":["GET"]}}],"collection":[{"href":"https:\/\/perspektywa3p.us.edu.pl\/index.php\/wp-json\/wp\/v2\/pages"}],"about":[{"href":"https:\/\/perspektywa3p.us.edu.pl\/index.php\/wp-json\/wp\/v2\/types\/page"}],"author":[{"embeddable":true,"href":"https:\/\/perspektywa3p.us.edu.pl\/index.php\/wp-json\/wp\/v2\/users\/1"}],"replies":[{"embeddable":true,"href":"https:\/\/perspektywa3p.us.edu.pl\/index.php\/wp-json\/wp\/v2\/comments?post=28"}],"version-history":[{"count":15,"href":"https:\/\/perspektywa3p.us.edu.pl\/index.php\/wp-json\/wp\/v2\/pages\/28\/revisions"}],"predecessor-version":[{"id":1575,"href":"https:\/\/perspektywa3p.us.edu.pl\/index.php\/wp-json\/wp\/v2\/pages\/28\/revisions\/1575"}],"wp:attachment":[{"href":"https:\/\/perspektywa3p.us.edu.pl\/index.php\/wp-json\/wp\/v2\/media?parent=28"}],"curies":[{"name":"wp","href":"https:\/\/api.w.org\/{rel}","templated":true}]}}